derivative of -2 - 4/3*n**3 + n + 1/2*n**b. Give v(-1).
-4
Let b(c) = 57 + 24*c - 227 + 51 + 52 - 3*c**2 + 63. Calculate b(8).
-4
Let w be 0 - (6/(-1) - (28 + 1)). Let q be (50/w)/((-10)/35). Let d(a) = -a**3 - 4*a**2 + 8*a + 5. Calculate d(q).
-10
Let b(v) = 2*v + 94. Let t(j) be the first derivative of -j**2/2 - 31*j - 31. Let w(h) = 3*b(h) + 8*t(h). Determine w(14).
6
Let u(m) = 2*m**2 + 25*m - 415. Let p be u(-22). Let f(x) = -x**3 + x**2. Give f(p).
-18
Suppose -3*q + 15 = 0, q + 11 = 4*i - 4*q. Suppose i*h + 33 - 132 = 0. Let d(z) = -z + 18. Let y be d(h). Let w(r) = -r**3 + 8*r**2 - 8*r + 1. What is w(y)?
-6
Let a = 59 - 11. Let z be (-6)/(-15)*1 + a/30. Let m(h) = 10 + z + 1 + h - 1. Give m(-9).
3
Let g(z) = 4*z - 148. Let n be g(38). Let c(h) = n*h - 10*h + 13*h + 8*h. Give c(1).
15
Let o be (-128)/3*(-114)/76. Suppose o = 17*z - z. Let l(c) = c**2 - 5. Determine l(z).
11
Let j(s) be the second derivative of s**5/20 + 5*s**3/6 + 2*s**2 + 9867*s. What is j(-1)?
-2
Let v(i) = -i + 6. Let g be 4/(-16) - 22/8. Let j(r) = -r + 7. Let w(s) = g*v(s) + 2*j(s). Let q be -7 + 5 + (-8)/(-1). Calculate w(q).
2
Let q(c) = 19*c**2 - 527*c**3 + 4 + 529*c**3 - 11 - 23*c**2 - 7*c. What is q(-2)?
-25
Let j(w) = -18*w**2 + w. Let a(p) = 4*p**2 + p + 8. Let m be a(-3). Let q = -9 - m. Let b = -51 - q. Calculate j(b).
-19
Let r(y) be the first derivative of -1/2*y**2 + 3/4*y**4 + 1/20*y**5 + 11*y + 4/3*y**3 - 4. Let x(p) be the first derivative of r(p). Determine x(-8).
-1
Let i(x) = -42*x - 1. Let h(c) = 676*c - 4. Let l(n) = h(n) + 16*i(n). Calculate l(6).
4
Suppose 0 = -91*m + 98*m - 63. Suppose -4*x - 40 = -4*r - m*x, x + 21 = 5*r. Let y(i) be the second derivative of -i**3/6 + 5*i**2 - i. Give y(r).
5
Suppose -221 - 1455 = 78*x - 194. Let i(j) = -j**2 - 23*j - 82. Give i(x).
-6
Let j(b) = -2*b - 21. Let o(x) = -2*x - 24. Suppose -181*i + 50 = -171*i. Let k(f) = i*o(f) - 6*j(f). What is k(-6)?
-6
Let u = -13 + 14. Suppose 17*i - 16*i + u = 0. Let t(d) = 3*d + 1. Calculate t(i).
-2
Let m(n) = 21*n - 11*n**2 + 5*n**2 - 21*n - 1. Let i(a) = a**3 - 2*a**2 - 4*a + 4. Suppose 0 = -3*j + 2*d + 9, 7 + 5 = 4*j - 2*d. Let o be i(j). Calculate m(o).
-7
Suppose 16*x = 12*x + 464. Let t = x + -114. Let p be 3*40/(-15)*t/8. Let i(w) = 3*w**2 + 4*w + 3. Determine i(p).
7
Let v(a) be the third derivative of -1/120*a**6 + 0*a + 0 - 1/12*a**5 + 2/3*a**3 + 7/24*a**4 - 22*a**2. Determine v(-6).
-2
Let g be 19 - 21/((-63)/(-60)). Let x(v) = 6*v**3 + 2*v**2 + 2*v + 1. Give x(g).
-5
Let u(h) = 10*h + 47. Let y = 33201 + -33206. Give u(y).
-3
Let u = 200 - 196. Suppose -2*q - 1 = -5*n, -2*q + 4*n + u = 2*q. Let w(j) = -j**3 + 3*j**2 - 3*j + 3. Calculate w(q).
1
Let g(c) be the second derivative of -6*c**2 + 5/12*c**4 + 0 - 261*c - 1/20*c**5 + 2/3*c**3. Give g(5).
8
Let q be (-6)/4*(21 + -23). Let n be q/((44/12)/11). Let x(d) = -d**3 + 9*d**2 + d + 5. Give x(n).
14
Let g(u) = 5*u - 41. Let x be g(9). Let j(k) = -4 - x*k**3 - 10*k + 14*k + 3*k**3 + k**2 + k**2. Let n be 7/3 - 4/(-6). Give j(n).
-1
Let j be (-2)/(-12)*(-7920)/(-330). Let v(b) = b - 1. Let a(q) = 3*q - 3. Let d(i) = 3*a(i) - 8*v(i). Give d(j).
3
Let f be 246/(-15) + (-6)/10. Let w = 35 + f. Let u(m) = 18*m - 7*m - 9*m - 3 + w. What is u(-10)?
-5
Let k(q) = -4*q**2 + 28*q + 1. Suppose 2*x = -3*g + 19, -x = 3*g + 1 - 21. Calculate k(g).
1
Let j(m) = m**3 - m**2 - 3. Let h = 3018 + -3018. What is j(h)?
-3
Let t = 14 + -14. Let p = t + -8. Let s(k) be the third derivative of -k**6/120 - 2*k**5/15 + k**4/12 + 2*k**3/3 + 17*k**2 - 3*k. Give s(p).
-12
Let w = -335 - -326. Let d(r) = 0 - 5*r**2 - 8 - 4 + 4*r**2 - 10*r. What is d(w)?
-3
Let f(w) = -346*w - 5*w**2 + 3*w**2 + 16 - 9*w**2 + 349*w - 3*w**3. Give f(-3).
-11
Let z(v) = 34*v - 129. Let p be z(4). Let t(o) = 2*o + 24 - 37 + 2*o + 6*o**3 - p*o**3 + 17 + 3*o**2. Determine t(4).
4
Let t(v) be the first derivative of v**3/3 - 3*v**2 + 4*v + 100038. Let f be ((-2)/2 - -5) + 0. Give t(f).
-4
Let k(z) = 2*z**2 - 6*z + 4. Suppose -14 = -2*i + 2*t, 0 = -8*i + 3*i + 3*t + 33. Calculate k(i).
40
Let v(g) = -g**2 - 10*g + 3. Let r = 539 + -455. Suppose -3*l = r - 60. Determine v(l).
19
Let w = -53 - -47. Let r be 6/4*4/w. Let z(i) be the first derivative of -5*i**2 + i + 1. Give z(r).
11
Let i(h) = -h**2 + 34. Suppose 0 = 69*v - 41*v - 952. Suppose 8*o = 6*o + v*o. What is i(o)?
34
Let z(l) = -599*l - 584*l + 1 + 3*l**2 - 2*l**2 + 1197*l. Suppose -36 = 2*f - 8. Determine z(f).
1
Let c(s) = -6*s**2 + s. Let f = -365 + 366. Suppose 3*a - 3*u = -6, -5*a + 3 - f = -u. Determine c(a).
-5
Suppose -5*w + 6 = -11*w. Let u be (10/(-70))/(w/7)*2. Let h(y) = y**2 - 4*y + 3. What is h(u)?
-1
Let n = -37 - -41. Suppose n*g + 35 - 7 = 0. Let s(y) = -y**3 - 8*y**2 - 7*y + 5. What is s(g)?
5
Let g(a) = -5*a + 5 - 16 - 2 - 12 + 44. What is g(1)?
14
Suppose 0 = -90*c + 97*c - 56. Suppose c*y + 304 = 46*y. Let j(n) = -n + 3. Calculate j(y).
-5
Let j(v) = 6*v**2 + 9*v - 21. Let a(s) = -s**2 - 2*s + 5. Let f(u) = 8*a(u) + 2*j(u). What is f(1)?
4
Let p = 212 + -110. Suppose p = -9*k + 7*k. Let j = k - -44. Let a(g) = -g - 5. What is a(j)?
2
Let x(f) = 4 - 7*f**3 + 8*f - 16 - 28 + 4*f**3 + 4*f**3 - 3*f**2. What is x(4)?
8
Let m(v) = -v**3 - 2*v**2 - 5*v - 6. Let z be 6/(-2) - (4 + 1 + -6). Let g be m(z). Let b(d) = d**2 - 2*d + 1. What is b(g)?
9
Suppose -14*s - 6*s + 100 = 0. Let u(w) = -2*w**2 + 1603*w**3 + 4 - 2*w**2 - s*w - 1602*w**3. Calculate u(5).
4
Let w(p) = -p**3 - 2*p**2 - 5*p - 4. Let a(d) = -6*d**3 - 14*d**2 - 31*d - 33. Let j(l) = -2*a(l) + 13*w(l). Determine j(5).
-76
Let v(g) = 434 + g**2 - 241 + 3*g + g**2 - g**2 - 238. Determine v(-6).
-27
Let k(p) = -33*p + 1001. Let n be k(30). Let l(q) be the first derivative of -n + 3*q + 1/2*q**2. Determine l(7).
10
Let u(j) = 5875 - 2987 + 5*j - 2717. Calculate u(-35).
-4
Suppose 50 = -11*c - 8*c + 9*c. Let n(d) = d**2 + 4*d - 2. Calculate n(c).
3
Let s be -1 - (54/(-14) - 2/14). Let b be (2/6)/((s/234)/1). Let t(h) = -4*h**2 - b*h**3 + 5 + 16*h**3 + 5*h + 9*h**3. Determine t(-5).
5
Let r(d) = 3*d**2 - 21*d - 72. Let p(l) = -4*l**2 + 30*l + 73. Let c(q) = 2*p(q) + 3*r(q). Give c(8).
-30
Suppose -2*y = -10, v - 90*y = -85*y - 81. Let m(t) = -2*t**3 - 112*t**2 + 2*t + 113. What is m(v)?
1
Let o(w) = 571*w**2 + 57 + 16*w - 570*w**2 - 66. Determine o(-15).
-24
Suppose -1715 = -13*t - 1494. Let v(w) be the first derivative of 2*w + t - 1/2*w**2. Give v(-8).
10
Let t be 7/(-56)*1*16. Let h(i) = 0 + 1 - 2*i + i. Give h(t).
3
Let j(l) = -14*l + 909. Let p be j(65). Let a(i) = 75*i + 1. Give a(p).
-74
Let b = -533 - -557. Let i be 34*1 + 6 + -8. Let f = b - i. Let w(m) = -m**3 - 9*m**2 - 9*m - 11. Give w(f).
-3
Let y(f) = 3*f**3 + 2*f**2 - 23*f - 13. Let i(z) = z**3 + 3*z**2 - 2. Let r(w) = 4*i(w) - y(w). Calculate r(-7).
-9
Suppose 4*s = -3*h + 20, 170*s = -2*h + 174*s - 20. Let m(b) = -b**3 + b**2 - 4*b - 1. Calculate m(h).
-1
Suppose 2*b - 11 = -5*l, 3*l + 1 = -b + 9. Let a(c) be the second derivative of -5/2*c**2 - 1/2*c**3 + 64*c + 1/20*c**5 + 0 + 7/12*c**4. What is a(b)?
16
Let t(x) be the third derivative of -x**8/10080 - x**7/1260 - x**6/240 - 13*x**5/60 - 71*x**2. Let q(m) be the third derivative of t(m). Determine q(-2).
-3
Suppose 60*w - 63*w + 48 = 0. Let s(b) = -b**3 - 13*b + 2*b**3 + 23*b - 9*b + w. What is s(0)?
16
Let s(i) be the second derivative of i**4/12 - 8*i**3/3 - 61*i**2/2 - 2201*i. Determine s(19).
-4
Let u(y) = 0*y**2 - 1474*y**3 + y**2 - 1495*y**3 + 2 + 4*y + 2973*y**3. Calculate u(-1).
-5
Let y be (-6)/(-8) + (-6 - -1)/(-20). Let p(n) = y - 71023*n + 71025*n + 0 - 2*n**2. Calculate p(2).
-3
Let t(k) = k - 19*k + 9*k + 16 + 51. What is t(8)?
-5
Let o(g) = g + 1. Let c(r) = -r**2 - 13*r - 13. Let j be c(-9). Suppose j*h + 6 = 26*h. Suppose -5*t - 5*p + h*p = 27, 3*p + 15 = -3*t. Give o(t).
-5
Let v = 37 - 28. Suppose -76 + 22 = -v*n. Let g(j) = j - 4. Let z(i) = -1. Let w(s) = g(s) + 5*z(s). What is w(n)?
-3
Let y(k) = k**3 + 6*k**2 + 7*k. Suppose 0 = 5*n + 3*v + 14, -n = 5*v - 342 + 336. Calculate y(n).
4
Let y(x) = -x**3 + 4*x**2 - 2*x - 3. Let a be (-14)/(-3) - (252/54 - 4). Calculate y(a).
-11
Let g(d) = 44*d**2 - 118*d + 39. Let u(r) = -13*r**2 + 37*r - 13. Let v(y) = -3*g(y) - 10*u(y). Let x(a) = a**3 + 4*a**2 